of 880 and 6025200.
80
What is the highest common divisor of 178238520 and 1476?
36
Calculate the highest common divisor of 166870 and 439560.
4070
Calculate the highest common factor of 13243 and 2242504.
17
Calculate the greatest common divisor of 65637 and 384774.
39
What is the greatest common factor of 414225 and 1376025?
525
Calculate the highest common factor of 2596594 and 296296.
2002
Calculate the greatest common divisor of 45 and 796298535.
45
Calculate the highest common divisor of 294546912 and 1815.
363
What is the highest common divisor of 203996411 and 58?
29
Calculate the greatest common divisor of 6715 and 41031810.
395
What is the highest common divisor of 30192 and 8449986?
3774
What is the highest common factor of 3449236 and 564?
188
Calculate the highest common divisor of 2670125 and 23445.
2605
Calculate the greatest common factor of 296 and 25389437.
37
Calculate the highest common divisor of 12441411 and 36.
9
Calculate the highest common factor of 421730 and 195254.
466
Calculate the greatest common factor of 20 and 3524750.
10
Calculate the greatest common divisor of 14446939 and 1515.
101
Calculate the highest common divisor of 215930550 and 5808.
726
Calculate the greatest common factor of 20537368 and 296.
296
What is the greatest common factor of 4311 and 486279?
9
What is the greatest common divisor of 1850 and 1108890?
370
What is the greatest common divisor of 17881257 and 4632?
579
What is the greatest common factor of 6845 and 15870817?
1369
Calculate the highest common factor of 84 and 101714802.
42
Calculate the highest common divisor of 594040 and 90.
10
Calculate the highest common divisor of 14 and 3051461.
7
Calculate the highest common divisor of 26390 and 19240.
130
Calculate the highest common factor of 80 and 9952560.
80
Calculate the greatest common factor of 51168 and 58220.
164
What is the highest common factor of 43 and 175459651?
43
Calculate the greatest common factor of 36 and 740206899.
9
Calculate the greatest common divisor of 8390 and 12094185.
4195
Calculate the greatest common divisor of 248346590 and 740.
370
What is the highest common divisor of 1141708 and 46136?
316
Calculate the greatest common factor of 7091530 and 40.
10
Calculate the highest common divisor of 170 and 66553079.
17
What is the highest common factor of 43672 and 608936?
824
What is the highest common divisor of 104 and 923832?
104
Calculate the greatest common factor of 351 and 1967381.
13
What is the highest common factor of 1469544 and 6744?
24
What is the highest common divisor of 182 and 3089604?
14
What is the highest common factor of 294 and 1330203?
147
What is the greatest common factor of 3156 and 1285212?
12
What is the greatest common divisor of 122160 and 2506825?
2545
Calculate the greatest common factor of 270068 and 8035154.
1262
Calculate the highest common factor of 9311599 and 4334.
2167
What is the highest common divisor of 53737 and 13117387?
1853
Calculate the highest common factor of 39017385 and 9405.
495
What is the highest common factor of 1781325 and 118175?
725
What is the greatest common divisor of 877432 and 2680?
536
What is the greatest common factor of 22 and 205798142?
22
What is the greatest common divisor of 3725588 and 492?
164
Calculate the highest common divisor of 1250172072 and 36.
36
What is the greatest common divisor of 47247711 and 147?
147
Calculate the greatest common divisor of 168403872 and 185997.
10941
Calculate the greatest common factor of 17850 and 176190.
210
Calculate the highest common divisor of 9002097 and 415.
83
Calculate the greatest common divisor of 16951 and 904981.
253
Calculate the highest common divisor of 2128320 and 874080.
1440
What is the highest common divisor of 50059 and 260041?
443
What is the highest common factor of 1080 and 9060552?
216
Calculate the greatest common factor of 30135 and 58065.
735
What is the greatest common divisor of 19 and 79911720?
19
What is the greatest common factor of 84969 and 583767?
81
What is the highest common factor of 8622 and 80924176?
958
Calculate the greatest common divisor of 1480770 and 198.
18
Calculate the greatest common factor of 9684 and 111114.
18
Calculate the highest common divisor of 3744 and 646224.
48
What is the greatest common factor of 278052 and 1884?
12
Calculate the highest common divisor of 12 and 2154108.
12
Calculate the greatest common factor of 14735 and 13552.
7
Calculate the greatest common divisor of 1411577400 and 24.
24
What is the highest common factor of 1045228 and 4883?
19
What is the greatest common factor of 2280 and 255294735?
285
What is the greatest common divisor of 91074562 and 37390?
7478
What is the greatest common factor of 447965640 and 340?
340
Calculate the greatest common divisor of 923272 and 3416.
56
What is the greatest common factor of 79040 and 2829024?
608
Calculate the highest common factor of 3956 and 95992340.
3956
What is the greatest common factor of 114122 and 1143874?
2654
What is the highest common factor of 243 and 1125324?
9
What is the greatest common divisor of 178013 and 5269?
11
What is the greatest common factor of 360 and 43185880?
40
What is the greatest common divisor of 103327 and 3349220?
3563
Calculate the greatest common divisor of 494 and 427869208.
494
Calculate the highest common factor of 1388618 and 374880.
1562
Calculate the greatest common factor of 9 and 455898.
3
What is the highest common factor of 24991804 and 28408?
268
What is the highest common divisor of 35241 and 1531947?
2073
What is the greatest common factor of 1522512 and 334359?
873
What is the greatest common divisor of 24915258 and 744?
186
Calculate the greatest common factor of 20 and 1062076.
4
What is the greatest common divisor of 312513 and 248127?
219
Calculate the greatest common factor of 10150828 and 2661.
887
Calculate the greatest common divisor of 6 and 25966362.
6
Calculate the highest common factor of 46 and 3711806.
2
What is the highest common divisor of 2 and 1431854?
2
Calculate the greatest common factor of 180205 and 12581.
23
What is the greatest common divisor of 1159056 and 7632?
144
What is the greatest common divisor of 40 and 1816987780?
20
Calculate the greatest common factor of 2135363 and 8921.
811
What is the greatest common factor of 81593975 and 1940?
485
What is the greatest common factor of 4952775 and 75?
75
Calculate the greatest common factor of 118 and 35105354.
118
Calculate the highest common factor of 30502296 and 456.
456
What is the greatest common factor of 5131968 and 576?
192
What is the greatest common factor of 455 and 11481295?
35
Calculate the highest common factor of 2824 and 2033028664.
2824
What is the greatest common factor of 166751 and 808?
101
Calculate the greatest common factor of 1017 and 15026778.
9
What is the greatest common factor of 105 and 90390405?
105
What is the greatest common divisor of 24 and 534633304?
8
What is the highest common divisor of 835404 and 133472?
172
Calculate the highest common factor of 115276 and 13748.
28
What is the highest common factor of 3580 and 676180?
20
What is the highest common divisor of 2120 and 98474000?
2120
Calculate the highest common divisor of 725 and 11671340.
145
Calculate the greatest common factor of 671 and 527467.
61
What is the greatest common divisor of 36510252 and 372?
12
What is the highest common factor of 58022587 and 679?
679
Calculate the greatest common factor of 8344199 and 551.
29
Calculate the greatest common divisor of 100 and 269631100.
100
Calculate the greatest common factor of 825 and 59108225.
275
Calculate the highest common divisor of 5088 and 99474057.
159
What is the highest common factor of 80946 and 2598?
6
Calculate the highest common divisor of 425 and 146383675.
25
Calculate the greatest common factor of 1694005 and 145907.
2473
What is the greatest common divisor of 136 and 6875582?
34
Calculate the highest common factor of 18664 and 321494399.
2333
Calculate the greatest common divisor of 1318758 and 59262.
714
What is the highest common divisor of 739916800 and 8960?
8960
What is the highest common divisor of 333845 and 100165?
115
What is the greatest common factor of 29520 and 7664868?
1476
What is the hi